*i**2 - 33*i - 11. Let m be c(-16). Let q be 20*m*(-12)/(-150). Calculate the highest common divisor of 104 and q.
8
Let o be (-805 - -1)/(2/(-4 + 6)). Let i be o/(-2) + 2 + 2. What is the highest common factor of 14 and i?
14
Let n be (-16)/120 + -3 + (-15310)/(-75) + -3. Suppose -4*d + 108 = 20. Calculate the greatest common divisor of d and n.
22
Let m = 1194 - 1129. Suppose -15 = 2*w - 3*w - 5*s, -s = -2*w - 3. Suppose w = 5*i - 129 - 131. Calculate the highest common factor of m and i.
13
Let a(t) = -t**2 + 5*t - 3. Let n be a(3). Suppose n*w - 80 = -w. Let f = 9997 - 9989. Calculate the highest common factor of f and w.
4
Let l(z) = -z**3 - 5*z**2 + 12*z - 14. Let o be l(-7). Suppose -2*f = -o*f - 4*k - 26, 5*f + 4*k - 79 = 0. Calculate the highest common divisor of f and 105.
15
Let y = 563 - 559. Suppose g = y*g + 5*m - 310, 5*g = 4*m + 566. What is the greatest common divisor of g and 20?
10
Let u be 17/(-33)*-11*(-1 + 118*1). Calculate the highest common factor of u and 312.
39
Let z(t) = 11*t**2 - 3*t - 22. Let c be z(6). Suppose -m = -q - 170, -2*m - 2*q = -0*m - c. What is the greatest common divisor of m and 6?
6
Suppose -u + 204 = 3*l, l - 28 = 3*u + 30. Suppose -284 = -3*b + l. What is the highest common divisor of 52 and b?
13
Let c = 16 - -344. Suppose 0*d = d - c. Let a = -128 + 168. What is the greatest common divisor of a and d?
40
Let z be 10 + (-2)/(1*2). Let s(r) = 17*r**3 - 28*r**2 + 4*r + 1. Let u be s(4). Let c = -630 + u. What is the highest common factor of z and c?
9
Let n(q) = -14*q**2 - 43 + 3*q**2 + q**3 + 23 + 12*q. Let h be n(10). Suppose h = 4*t - 0*t - 44. Calculate the greatest common divisor of t and 77.
11
Let z be (-1 - -97)*176/48. Calculate the greatest common divisor of z and 396.
44
Let b(p) = 43*p**2 - 59*p + 484. Let c be b(7). Calculate the highest common factor of 825 and c.
33
Let w(r) = 12*r**2 + 3*r - 11. Let x be w(2). Suppose 38*n + 110 = x*n. Suppose 2*q - n = 2. Calculate the highest common factor of q and 4.
4
Suppose 6*c - 6 = 3*c. Let z = 480 - 468. Suppose -8 = 2*j - 4*j - c*k, k = -5*j + z. What is the highest common divisor of j and 8?
2
Suppose 0 = -2*n + 47 - 57, 4*n + 875 = 5*r. What is the highest common factor of 2850 and r?
57
Suppose 0 = -4*t + d + 23, 2*t - 13 = 23*d - 22*d. Suppose -38 = t*o - 6*o. Calculate the highest common factor of 4 and o.
2
Suppose -25 = -5*a - 0*a. Suppose -4*t - t = -4*t. Suppose -a*n + 105 = m - 3, -4*m - 8 = t. Calculate the highest common factor of n and 33.
11
Suppose 0 = -t - 4*o + 23 + 1, 5*o - 45 = -5*t. Suppose -3*n - 1 + 7 = 0, 4*d + t*n = 588. What is the highest common factor of 58 and d?
29
Let w = -7437 - -7387. Let o be ((-4)/5)/(2/(-235)). Let y = w + o. Calculate the greatest common factor of 33 and y.
11
Let w be 2*8/96 - 71/(-6). Suppose 0 = -l - 4*l + 420. Calculate the highest common factor of l and w.
12
Suppose 569 - 449 = -4*l + 16*l. Calculate the highest common divisor of l and 5360.
10
Let d = -42760 - -42788. What is the highest common divisor of d and 31178?
14
Suppose 5*k - 335 = 3*q, 4*q - 275 = -5*k + 95. Calculate the greatest common divisor of 1995 and k.
35
Let v be (-16 - -14)/(3/(-522)). Calculate the greatest common divisor of 4002 and v.
174
Suppose 32*b - 59273 - 32951 = 0. Calculate the greatest common divisor of 44 and b.
22
Suppose 75*w - 137*w = -1116. What is the highest common divisor of w and 1917?
9
Let n = 488 + -280. Let q = -212 + 357. Suppose 156 = -q*j + 151*j. What is the greatest common divisor of n and j?
26
Suppose -32 - 40 = -6*q. Let y = q + -11. Suppose 0 = 2*f - y - 9. What is the highest common factor of f and 20?
5
Suppose -5*a - 70 = -0*a. Let x(r) = -6 - 1 - 24*r - 2*r**2 - 6*r + 1. Let d be x(a). What is the highest common factor of 88 and d?
22
Let q be (10125/(-20))/27*-104. What is the greatest common factor of 15 and q?
15
Let z be 1/(2 + (-245)/123). Let g = 6428 - 6387. What is the greatest common factor of g and z?
41
Suppose -w - 5 + 7 = 0. Suppose n - 2 = h - 1, -h - w*n = -11. Suppose 2*y - h*y = -13. Calculate the greatest common factor of y and 39.
13
Suppose 0 = -5*z + 5. Let w(f) be the second derivative of 11*f**3/6 - 2*f**2 - 22*f - 2. Let u be w(z). Calculate the highest common divisor of 70 and u.
7
Suppose 0 = c + 5*c - 420. Suppose -12*b + c = -146. Suppose 0 = b*d - 14*d - 168. What is the greatest common factor of d and 21?
21
Suppose 5*f - 14360 = -3*x, -99*x = f - 98*x - 2870. What is the highest common factor of f and 1125?
125
Let u(h) = -h**3 - h**2 + 2*h + 297. Let m be u(0). Let q(l) = -l + 19. Suppose 17*v = -176 + 40. Let g be q(v). What is the highest common divisor of m and g?
27
Suppose -183*k + 213*k = 201076 + 121964. What is the greatest common factor of 48 and k?
16
Let d be 572598/312 - 4/((-16)/(-5)). What is the highest common factor of 42 and d?
14
Let t = 1931 + -1783. Calculate the greatest common divisor of 1998 and t.
74
Let s be 18/(-63) + (570/35 - -4). What is the highest common factor of 340 and s?
20
Let l be (-2 - -13)/(2/(-18)). Let k = 1106 + -974. Let x = k + l. Calculate the highest common divisor of x and 44.
11
Suppose 20332 = -56*k + 22*k. Let y = 721 + k. What is the greatest common divisor of y and 205?
41
Let g = -654 + 661. Calculate the greatest common factor of 2681 and g.
7
Let u = -2 - -6. Suppose 0 = 4*s - 5*z - 565, -u*s + z = 3*z - 530. Let a(h) = -8*h - 1. Let x be a(-2). What is the greatest common factor of s and x?
15
Suppose 1823360 = 185*n + 222*n. What is the highest common factor of 420 and n?
140
Suppose -5*u - 4 = 5*g + 6, 2*g = -5*u + 2. Suppose -u*y + 16 + 14 = -4*d, 3*d = 12. Calculate the highest common factor of y and 506.
23
Let u(c) = 53*c - 199. Let y be u(9). Let z = -161 + y. What is the greatest common divisor of 13 and z?
13
Suppose 4*v - 3*v - 2*z = -39, v + z + 54 = 0. Let k be -1*2*(1 - v/(-2)). Let j = -25 + k. What is the highest common factor of j and 2?
2
Let t = -22386 + 22417. Calculate the highest common divisor of t and 12183.
31
Let k be (-1)/(-3*(-4)/(-60)). Let c(x) = -2*x + 17. Let j be c(k). What is the highest common divisor of 1 and j?
1
Let w = 143 - 99. Let d be (9/18)/((-1)/(-90)). Suppose 0 = -o + 49 - d. Calculate the highest common factor of w and o.
4
Let u(i) = -25623*i - 129. Let d be u(-3). What is the greatest common divisor of d and 12?
12
Let h(f) = 254*f**3 - 6*f**2 + 16*f - 41. Let n be h(3). Calculate the highest common divisor of n and 98.
49
Let b be (74/(-3) - -1)/(24/(-72)). Let a be (42 - b)/(-3 + (0 - -2)). What is the highest common divisor of a and 29?
29
Suppose 0 = k - 0*k - 16. Suppose 2*h - 3*t + 192 = -h, -h + 4*t = 55. Let p = h + 195. What is the highest common divisor of k and p?
16
Suppose -5*k + 2*d - 164 = -9*k, -4*k + 164 = -2*d. Calculate the greatest common divisor of 820 and k.
41
Let m(g) = 9*g + 175. Let p = -145 - -126. Let u be m(p). What is the greatest common divisor of u and 15?
1
Let u be (483/46)/(6/(-4))*271*-1. Calculate the greatest common factor of u and 14.
7
Let w(a) = -a**3 + 6*a**2 + 4*a - 3. Suppose 8*i = 11*i - 3. Let v be 6/2 + 7 + (-6)/i. Let m be w(v). Calculate the highest common factor of m and 18.
9
Let x(p) = 4*p**2 - 31*p + 71. Let r be x(3). What is the greatest common divisor of r and 574?
14
Suppose 53848 = 4*b - 4*a, 26*b = 21*b - 2*a + 67345. What is the greatest common factor of 134 and b?
67
Suppose 0 = 112*v - 105*v + 7. Let d be v*(2 - 32/1). Calculate the highest common factor of 165 and d.
15
Suppose -15*n - 9 = 36. Let q(a) = -a + 2. Let b be q(n). Suppose -z + 3*d = -1 - 1, 2*z - 13 = -3*d. Calculate the highest common factor of b and z.
5
Let a = -541 - -678. Suppose 4*n - 5*t = 104, -33 = 4*n - t - a. What is the highest common factor of n and 442?
26
Let s = -667 - -892. Let f be (0 - -3) + 0 + 4. Suppose -q - f = -32. What is the highest common divisor of s and q?
25
Let t(k) = -4*k**3 + 5*k**2 + 177*k + 694. Let i be t(-4). What is the greatest common divisor of i and 7360?
46
Let t = 601 - 598. Suppose -t*d - 5*b = -4087, b - 4215 = -5*d + 2626. Calculate the greatest common divisor of 37 and d.
37
Let s(h) = 23*h**2 + 465*h + 2787. Let g be s(-6). What is the greatest common divisor of 5